f(d) = -d**3 - 7*d**2 - 2*d + 25. Let y be f(-6). Calculate the remainder when (101 + -4)/(y + 0) is divided by l.
31
Suppose -24*b - 298*b + 720 = -4110. Calculate the remainder when 15162 is divided by b.
12
Suppose -128 = -28*x + 684. What is the remainder when 1825 is divided by x?
27
Let q = -168 + 174. Suppose -4*s + 7*u + 59 = q*u, -9 = 3*u. Calculate the remainder when 35 is divided by s.
7
Suppose -33*u - 96 = -41*u. Calculate the remainder when (822/u + 2)*2 is divided by ((-9)/12)/((-1)/24).
15
Suppose 0 = -4*h + 2*y + 42 + 58, 0 = -h - y + 19. Let r be -7 - (-3 + 1) - -95. Let w = r + 23. Calculate the remainder when w is divided by h.
21
Let f = 527 - -178. What is the remainder when f is divided by 233?
6
Let c(m) = -66*m + 667. Calculate the remainder when c(4) is divided by 52.
39
Let s = 29279 + -28180. Calculate the remainder when s is divided by 519.
61
Suppose 4*q = 3*q + 47. Suppose 375 - 358 = 47*m - 1675. What is the remainder when q is divided by m?
11
Let u(h) = -94*h + 2742. Calculate the remainder when 1229 is divided by u(29).
13
Suppose -42*s + 38*s - 2*f + 2846 = 0, 5*f = -5. Calculate the remainder when s is divided by 31.
30
Suppose 3*p - 2*z = 782, 0*z + z - 259 = -p. Let a = p - 257. What is the remainder when 160 is divided by a?
1
Let i = 36781 + -19737. What is the remainder when i is divided by 35?
34
Let j(x) = x**3 - 14*x**2 + 3. Let s be j(14). Calculate the remainder when 80 is divided by ((-18)/2 + s)/((-14)/21).
8
Suppose 92*i = 129*i - 6734. Calculate the remainder when i is divided by 174.
8
Let q(g) = -2*g**3 + 41*g**2 - 17*g - 29. Suppose 220 = 12*p - p. What is the remainder when 61 is divided by q(p)?
30
Let w(a) = 660*a + 69. What is the remainder when w(1) is divided by 184?
177
Let u = 144 - 99. Suppose 76 = 2*z - 3*g - 2, -5*z - 3*g + 153 = 0. What is the remainder when u is divided by z?
12
What is the remainder when 1375 is divided by 8/(12 - (-69)/(-6))?
15
Let m(a) = a**3 - 11*a**2 + 11. Suppose -55 = -7*j + 2*j. What is the remainder when 63/(-12)*-1*12 is divided by m(j)?
8
Let t(d) = -2*d + 6 + 7 - 153*d**2 + 152*d**2. Calculate the remainder when t(-3) is divided by 5.
0
What is the remainder when 362 is divided by (-14)/343*7 + 37*66/21?
14
Let v = 13779 - 13727. What is the remainder when 853 is divided by v?
21
Let u(o) = 4*o**2 + 9 - 3 - 30*o + 6*o. Let y be u(7). Suppose -3*p - 47 = 2*j - 6*j, y = 3*j - p. Calculate the remainder when 19 is divided by j.
8
Let s = -487 + 523. Calculate the remainder when 225 is divided by s.
9
Suppose -5*b - 3*h + 5*h + 467 = 0, -b + h = -94. Let j(n) = n**2 - n + 4. Calculate the remainder when b is divided by j(4).
13
Suppose 4*z - 4188 = -4*h, -2*z + 5*h + 2875 = 774. What is the remainder when z is divided by 17?
11
Calculate the remainder when 1118 is divided by (-4020)/(-28) - (-15)/(-70)*-2.
110
Let l be 7 + 12 + -13 + (-1)/1. Suppose 31 = -3*o - 4*a + 142, 4*o - 148 = -l*a. Calculate the remainder when 109 is divided by o.
35
Let h be (-23 - -2)*((-55)/(-15) + -1). Let z be ((h/(-21))/(-4))/((-4)/270). Let b = -5 + z. Calculate the remainder when 117 is divided by b.
37
Let p be -3 + 3 + -183 + 10. Let v = 202 + p. What is the remainder when 259 is divided by v?
27
Let s = -5 + 12. Let m = 699 - 633. What is the remainder when m is divided by s?
3
Suppose -3*r - 72 = 5*h - 62, -h - 5 = 0. What is the remainder when 6/(-9) - 98/(-3) is divided by r?
2
Suppose -4*k - 4*k = 640. Let o = k - -128. What is the remainder when 90 is divided by o?
42
Suppose 1032 + 1291 = 23*g. Suppose 4*y - 4*t = 128, y - 37 = g*t - 105*t. Calculate the remainder when 93 is divided by y.
27
Let c = -7300 + 7734. What is the remainder when 1736 is divided by c?
0
Let s(w) = 5*w**2 + 139*w + 140. Let d(u) = u**3 - 6*u**2 - 5*u - 13. What is the remainder when d(8) is divided by s(-1)?
3
Let p be (-3)/(9/(-6)) - (1 - -1). Suppose -2*v = -4, 5*o + 4*v - 32 - 1 = p. Calculate the remainder when (-7 - -2)/o*-19 is divided by 12.
7
Let m = -1482 + 559. Let t = -484 - m. Calculate the remainder when t is divided by 55.
54
Let c = 24537 + -24474. Calculate the remainder when 574 is divided by c.
7
Let r(l) = -109*l + 1383. What is the remainder when 383 is divided by r(10)?
90
Let b(n) = -n**2 + 20*n + 11. Let g(d) = -2*d**3 - d**2 + 25*d + 46. What is the remainder when b(16) is divided by g(-3)?
11
Suppose 2*p = -s - 4, 2 = -4*p + s - 18. Let x be -7 - p - -4 - -4. Calculate the remainder when 814/10 - 2/x is divided by 17.
13
Suppose 0 = 58*j - 41*j - 272. Suppose -j*b + 294 = 86. Calculate the remainder when b is divided by (-10 - -1)*(-3 + 2).
4
Let y = 302 - 206. Let z = 30 - 18. Suppose a + z = 19. Calculate the remainder when y is divided by a.
5
Suppose -2*y + 469 + 265 = 2*c, -2*c = -y + 367. Calculate the remainder when y is divided by 32.
15
Let w be -1 - (2 + (0 - 2) + -3). Suppose 4*p = 5*n - 13, -w*n = -2*p - 3*n + 11. Suppose -p*h = 4*h - 581. What is the remainder when h is divided by 21?
20
Suppose 2*t - 7 = -i - 23, -3*i = -2*t - 24. Suppose 5*x - m = -269, x - 3*m = -67 + 2. Let j = t - x. Calculate the remainder when 219 is divided by j.
43
Suppose -u = 4*z - 56, -2*z + 77 + 35 = 2*u. Suppose -l + u - 43 = 0. What is the remainder when 135 is divided by l?
5
Suppose -10*x + 311 - 519 = -o, x = -5*o + 275. What is the remainder when (1/(-1))/((-2)/334) is divided by o?
51
Let u be (-3)/4*4/5*-5. Suppose -3*s = -u*f - 27, 4*s - f - 29 = -s. What is the remainder when 8 is divided by s?
3
Suppose 3*t = 6*t - 15. Suppose -4 = 2*k + 2, 11 = -2*m - t*k. What is the remainder when 42 is divided by (-1 + m)/(-4 + 90/22)?
9
Let n be (-1 + (-11)/4)*(-16)/6. Let q = -10 + n. Suppose q = -4*k + r + 3*r + 176, -4*k + 181 = -3*r. What is the remainder when k is divided by 13?
10
Suppose -2*x + 1 = -57. What is the remainder when x is divided by (108/(-39))/6*5187/(-114)?
8
Suppose -5*h = -127*z + 123*z - 1033, 10*z + 1045 = 5*h. Suppose 3*m - 55 = -x, -2*x + 153 - 23 = 2*m. What is the remainder when h is divided by x?
65
Suppose y + 557 = 4*k - 4*y, 0 = -5*k + 4*y + 685. What is the remainder when k is divided by (-6)/3 - ((-8)/4 + -34)?
31
Suppose 684*k - 772*k = -528. What is the remainder when 12519 is divided by k?
3
Suppose -3*b + 161 = 461*g - 459*g, 0 = 2*b - 3*g - 103. Suppose -2*f - f - 2*l = -66, 5*l = -5*f + 115. Calculate the remainder when b is divided by f.
13
Suppose 27 = -24*j + 147. Suppose -2*z + z + j*g = -26, 4*z = 4*g + 152. Calculate the remainder when 78 is divided by z.
37
Let v = 4319 + -3905. What is the remainder when v is divided by 197?
20
Let q = -632 - -684. Suppose 0 = 2*y - 76 + q. What is the remainder when 33 is divided by y?
9
Let y be 2/8 - (32787/(-36) + -5). Suppose -7*b + 4*b + y = 4*h, -4*h = 2*b - 608. Calculate the remainder when b is divided by 62.
60
Let r(x) = -x**3 + 20*x**2 - 20*x + 19. Let n be r(19). Suppose n = -3*d + 86 - 14. What is the remainder when 158 is divided by -4 - d*(-6)/4?
30
Suppose 2*t + 77 + 357 = 2*r, -861 = -4*r + 3*t. What is the remainder when r is divided by 71?
68
Let l(y) = 7*y**2 + 11*y + 7. Let t(j) = j**2 - j - 1. Let u(p) = l(p) - 6*t(p). What is the remainder when 180 is divided by u(-17)?
11
Let k = -19643 - -19716. What is the remainder when k is divided by 19?
16
Let s(f) = -f**2 - 7*f - 15. Let o be s(-3). Let b(w) = 4*w**2 - 17*w - 52. Let c = 19 - -119. What is the remainder when c is divided by b(o)?
33
Suppose 3 = -d, 43*g - 40*g - 768 = 2*d. Calculate the remainder when 766 is divided by g.
4
Calculate the remainder when 132 is divided by ((-246)/30)/(8 + (-36)/5 - 1).
9
What is the remainder when 1586 is divided by -5*(-319)/(-55)*-1?
20
Suppose 0 = -5*m + 363 + 147. Let t = -87 + m. What is the remainder when 40 is divided by t?
10
Let t(v) = -3*v**3 - 53*v**2 + 10*v - 90. Calculate the remainder when 495 is divided by t(-18).
9
Let z(w) = -4*w + 8. Suppose q - 1 = -s, 3*q + 0*s = -s + 1. Let k be z(q). Calculate the remainder when 21 is divided by (11/2)/(4/k).
10
Let i(s) = 6*s - 17. Let a be i(5). Let d(u) = u**3 - 13*u**2 + 3*u - 17. Calculate the remainder when 105 is divided by d(a).
17
Let l = 1085 + -565. Suppose 164 = 4*t - l. What is the remainder when t is 